 prime factors of 49710?
2, 3, 5, 1657
List the prime factors of 104040.
2, 3, 5, 17
List the prime factors of 25433.
29, 877
List the prime factors of 103802.
2, 17, 43, 71
List the prime factors of 65904.
2, 3, 1373
What are the prime factors of 6675?
3, 5, 89
What are the prime factors of 1136?
2, 71
List the prime factors of 8395.
5, 23, 73
List the prime factors of 105676.
2, 29, 911
List the prime factors of 40818.
2, 3, 6803
List the prime factors of 7709.
13, 593
List the prime factors of 9132.
2, 3, 761
List the prime factors of 1860.
2, 3, 5, 31
What are the prime factors of 6587?
7, 941
List the prime factors of 1201.
1201
List the prime factors of 1035.
3, 5, 23
List the prime factors of 2535.
3, 5, 13
What are the prime factors of 727?
727
List the prime factors of 6118.
2, 7, 19, 23
List the prime factors of 14595.
3, 5, 7, 139
What are the prime factors of 25054?
2, 12527
What are the prime factors of 48157?
48157
What are the prime factors of 1878?
2, 3, 313
List the prime factors of 13376.
2, 11, 19
What are the prime factors of 28603?
28603
List the prime factors of 3576.
2, 3, 149
What are the prime factors of 69513?
3, 17, 29, 47
What are the prime factors of 42612?
2, 3, 53, 67
What are the prime factors of 1888?
2, 59
List the prime factors of 7898.
2, 11, 359
List the prime factors of 3173.
19, 167
What are the prime factors of 13220?
2, 5, 661
List the prime factors of 72128.
2, 7, 23
List the prime factors of 2221.
2221
List the prime factors of 2196.
2, 3, 61
List the prime factors of 1257.
3, 419
List the prime factors of 1310.
2, 5, 131
What are the prime factors of 4437?
3, 17, 29
List the prime factors of 1662.
2, 3, 277
What are the prime factors of 2772?
2, 3, 7, 11
What are the prime factors of 49583?
179, 277
What are the prime factors of 9078?
2, 3, 17, 89
What are the prime factors of 790?
2, 5, 79
List the prime factors of 1445.
5, 17
What are the prime factors of 115698?
2, 3, 11, 1753
List the prime factors of 793.
13, 61
List the prime factors of 4706.
2, 13, 181
List the prime factors of 1704.
2, 3, 71
What are the prime factors of 803?
11, 73
What are the prime factors of 60815?
5, 12163
List the prime factors of 605.
5, 11
List the prime factors of 17073.
3, 7, 271
List the prime factors of 1203.
3, 401
What are the prime factors of 15740?
2, 5, 787
What are the prime factors of 3797?
3797
List the prime factors of 46077.
3, 15359
What are the prime factors of 3195?
3, 5, 71
List the prime factors of 22849.
73, 313
What are the prime factors of 13638?
2, 3, 2273
List the prime factors of 542.
2, 271
What are the prime factors of 4495?
5, 29, 31
What are the prime factors of 255?
3, 5, 17
What are the prime factors of 25617?
3, 8539
What are the prime factors of 1506?
2, 3, 251
What are the prime factors of 937?
937
What are the prime factors of 514?
2, 257
What are the prime factors of 7799?
11, 709
What are the prime factors of 4632?
2, 3, 193
What are the prime factors of 2571?
3, 857
What are the prime factors of 20980?
2, 5, 1049
List the prime factors of 36660.
2, 3, 5, 13, 47
What are the prime factors of 1337?
7, 191
List the prime factors of 6901.
67, 103
List the prime factors of 595.
5, 7, 17
What are the prime factors of 43767?
3, 1621
List the prime factors of 829.
829
What are the prime factors of 219?
3, 73
What are the prime factors of 860?
2, 5, 43
List the prime factors of 7935.
3, 5, 23
List the prime factors of 9325.
5, 373
List the prime factors of 1254.
2, 3, 11, 19
List the prime factors of 90.
2, 3, 5
List the prime factors of 6679.
6679
List the prime factors of 594.
2, 3, 11
List the prime factors of 54.
2, 3
What are the prime factors of 2659?
2659
List the prime factors of 1321.
1321
What are the prime factors of 1272?
2, 3, 53
List the prime factors of 3311.
7, 11, 43
List the prime factors of 3797.
3797
List the prime factors of 4369.
17, 257
What are the prime factors of 1007?
19, 53
List the prime factors of 536.
2, 67
List the prime factors of 108640.
2, 5, 7, 97
What are the prime factors of 18806?
2, 9403
List the prime factors of 689.
13, 53
What are the prime factors of 4688?
2, 293
List the prime factors of 128878.
2, 64439
List the prime factors of 55814.
2, 11, 43, 59
What are the prime factors of 7928?
2, 991
List the prime factors of 1879.
1879
List the prime factors of 1813.
7, 37
What are the prime factors of 1734?
2, 3, 17
List the prime factors of 5076.
2, 3, 47
What are the prime factors of 41828?
2, 10457
List the prime factors of 18711.
3, 7, 11
What are the prime factors of 27234?
2, 3, 17, 89
List the prime factors of 55325.
5, 2213
List the prime factors of 264.
2, 3, 11
What are the prime factors of 8406?
2, 3, 467
List the prime factors of 279.
3, 31
What are the prime factors of 159?
3, 53
List the prime factors of 785.
5, 157
What are the prime factors of 523?
523
What are the prime factors of 4958?
2, 37, 67
What are the prime factors of 2337?
3, 19, 41
What are the prime factors of 13454?
2, 7, 31
List the prime factors of 10299.
3, 3433
What are the prime factors of 64404?
2, 3, 1789
List the prime factors of 5803.
7, 829
List the prime factors of 2668.
2, 23, 29
List the prime factors of 1024.
2
What are the prime factors of 1258?
2, 17, 37
List the prime factors of 3684.
2, 3, 307
What are the prime factors of 1664?
2, 13
What are the prime factors of 4916?
2, 1229
What are the prime factors of 633?
3, 211
List the prime factors of 20067.
3, 6689
What are the prime factors of 82804?
2, 127, 163
What are the prime factors of 3766?
2, 7, 269
List the prime factors of 1564.
2, 17, 23
List the prime factors of 2343.
3, 11, 71
List the prime factors of 3321.
3, 41
List the prime factors of 1653.
3, 19, 29
List the prime factors of 29862.
2, 3, 7, 79
List the prime factors of 2814.
2, 3, 7, 67
What are the prime factors of 6885?
3, 5, 17
What are the prime factors of 2177?
7, 311
List the prime factors of 1815.
3, 5, 11
What are the prime factors of 83737?
83737
What are the prime factors of 1716?
2, 3, 11, 13
List the prime factors of 6522.
2, 3, 1087
What are the prime factors of 94145?
5, 19, 991
What are the prime factors of 2960?
2, 5, 37
List the prime factors of 1995.
3, 5, 7, 19
List the prime factors of 6624.
2, 3, 23
What are the prime factors of 21415?
5, 4283
What are the prime factors of 6740?
2, 5, 337
What are the prime factors of 1568?
2, 7
List the prime factors of 44526.
2, 3, 41, 181
List the prime factors of 127760.
2, 5, 1597
List the prime factors of 133258.
2, 66629
What are the prime factors of 96991?
23, 4217
What are the prime factors of 128?
2
List the prime factors of 76259.
76259
List the prime factors of 1807.
13, 139
What are the prime factors of 2130?
2, 3, 5, 71
List the prime factors of 1709.
1709
List the prime factors of 339.
3, 113
List the prime factors of 29550.
2, 3, 5, 197
List the prime factors of 1407.
3, 7, 67
What are the prime factors of 2075?
5, 83
List the prime factors of 19030.
2, 5, 11, 173
List the prime factors of 3504.
2, 3, 73
What are the prime factors of 2331?
3, 7, 37
List the prime factors of 662.
2, 331
What are the prime factors of 59971?
59971
List the prime factors of 2077.
31, 67
List the prime factors of 17013.
3, 53, 107
What are the prime factors of 1447?
1447
What are the prime factors of 9043?
9043
List the prime factors of 579.
3, 193
What are the prime factors of 12016?
2, 751
What are the prime factors of 2860?
2, 5, 11, 13
What are the prime factors of 18860?
2, 5, 23, 41
What are the prime factors of 10360?
2, 5, 7, 37
List the prime factors of 5341.
7, 109
What are the prime factors of 1655?
5, 331
What are the prime factors of 959?
7, 137
List the prime factors of 954.
2, 3, 53
What are the prime factors of 11205?
3, 5, 83
What are the prime factors of 439?
439
List the prime factors of 123.
3, 41
List the prime factors of 475.
5, 19
List the prime factors of 893.
19, 47
List the prime factors of 6205.
5, 17, 73
What are the prime factors of 2851?
2851
What are the prime factors of 14556?
2, 3, 1213
List the prime factors of 490.
2, 5, 7
What are the prime factors of 19502?
2, 7, 199
List the prime factors of 11593.
11593
List the prime factors of 23001.
3, 11, 17, 41
